{"id":49,"date":"2019-11-14T11:20:58","date_gmt":"2019-11-14T10:20:58","guid":{"rendered":"https:\/\/xn--gsh-snac.be\/?page_id=49"},"modified":"2020-05-25T16:43:43","modified_gmt":"2020-05-25T14:43:43","slug":"la-lithotherapie","status":"publish","type":"page","link":"https:\/\/xn--gsh-snac.be\/index.php\/la-lithotherapie\/","title":{"rendered":"La lithoth\u00e9rapie"},"content":{"rendered":"<p>[et_pb_section fb_built=\u00a0\u00bb1&Prime; fullwidth=\u00a0\u00bbon\u00a0\u00bb _builder_version=\u00a0\u00bb4.0.6&Prime; background_enable_image=\u00a0\u00bboff\u00a0\u00bb animation_style=\u00a0\u00bbfade\u00a0\u00bb animation_duration=\u00a0\u00bb1250ms\u00a0\u00bb][et_pb_fullwidth_header title=\u00a0\u00bbLA LITHOTH\u00c9RAPIE\u00a0\u00bb _builder_version=\u00a0\u00bb4.0.6&Prime; title_font=\u00a0\u00bbMontserrat|700|||||||\u00a0\u00bb title_text_align=\u00a0\u00bbcenter\u00a0\u00bb title_text_color=\u00a0\u00bb#000000&Prime; title_font_size=\u00a0\u00bb37px\u00a0\u00bb content_font=\u00a0\u00bbVerdana||||||||\u00a0\u00bb background_color=\u00a0\u00bb#000000&Prime; background_color_gradient_direction=\u00a0\u00bb249deg\u00a0\u00bb background_image=\u00a0\u00bbhttps:\/\/xn--gsh-snac.be\/wp-content\/uploads\/2020\/03\/litho.webp\u00a0\u00bb min_height=\u00a0\u00bb326px\u00a0\u00bb custom_margin_tablet=\u00a0\u00bb\u00a0\u00bb custom_margin_phone=\u00a0\u00bb\u00a0\u00bb custom_margin_last_edited=\u00a0\u00bbon|phone\u00a0\u00bb custom_padding=\u00a0\u00bb86px|||||\u00a0\u00bb custom_padding_tablet=\u00a0\u00bb\u00a0\u00bb custom_padding_phone=\u00a0\u00bb34px||||false|false\u00a0\u00bb custom_padding_last_edited=\u00a0\u00bbon|phone\u00a0\u00bb title_text_align_tablet=\u00a0\u00bb\u00a0\u00bb title_text_align_phone=\u00a0\u00bbcenter\u00a0\u00bb title_text_align_last_edited=\u00a0\u00bbon|phone\u00a0\u00bb title_font_size_tablet=\u00a0\u00bb\u00a0\u00bb title_font_size_phone=\u00a0\u00bb32px\u00a0\u00bb title_font_size_last_edited=\u00a0\u00bbon|phone\u00a0\u00bb text_shadow_style=\u00a0\u00bbpreset1&Prime;]<\/p>\n<h1 style=\"text-align: center;\"><\/h1>\n<p><strong><\/strong><\/p>\n<p>[\/et_pb_fullwidth_header][\/et_pb_section][et_pb_section fb_built=\u00a0\u00bb1&Prime; custom_padding_last_edited=\u00a0\u00bbon|phone\u00a0\u00bb _builder_version=\u00a0\u00bb4.0.6&Prime; custom_margin=\u00a0\u00bb-4px|||||\u00a0\u00bb custom_padding=\u00a0\u00bb27px|||||\u00a0\u00bb custom_padding_tablet=\u00a0\u00bb\u00a0\u00bb custom_padding_phone=\u00a0\u00bb27px|15px||15px|false|true\u00a0\u00bb][et_pb_row use_custom_gutter=\u00a0\u00bbon\u00a0\u00bb _builder_version=\u00a0\u00bb4.0.6&Prime; width=\u00a0\u00bb100%\u00a0\u00bb max_width=\u00a0\u00bb1200px\u00a0\u00bb][et_pb_column type=\u00a0\u00bb4_4&Prime; _builder_version=\u00a0\u00bb4.0.6&Prime;][et_pb_text _builder_version=\u00a0\u00bb4.0.6&Prime; header_font_size=\u00a0\u00bb29px\u00a0\u00bb header_2_font_size=\u00a0\u00bb44px\u00a0\u00bb animation_style=\u00a0\u00bbslide\u00a0\u00bb animation_direction=\u00a0\u00bbtop\u00a0\u00bb]<\/p>\n<h1><strong>La lithoth\u00e9rapie, c\u2019est quoi?<\/strong><\/h1>\n<p>[\/et_pb_text][et_pb_divider color=\u00a0\u00bb#003a3d\u00a0\u00bb divider_weight=\u00a0\u00bb8px\u00a0\u00bb _builder_version=\u00a0\u00bb4.0.6&Prime; width=\u00a0\u00bb6%\u00a0\u00bb custom_margin=\u00a0\u00bb-25px||||false|false\u00a0\u00bb custom_padding=\u00a0\u00bb||||false|false\u00a0\u00bb][\/et_pb_divider][et_pb_text _builder_version=\u00a0\u00bb4.0.6&Prime; text_font=\u00a0\u00bbLato||||||||\u00a0\u00bb text_text_color=\u00a0\u00bb#000000&Prime; text_font_size=\u00a0\u00bb16px\u00a0\u00bb text_line_height=\u00a0\u00bb1em\u00a0\u00bb animation_style=\u00a0\u00bbslide\u00a0\u00bb animation_direction=\u00a0\u00bbbottom\u00a0\u00bb]<\/p>\n<p>Il y a plusieurs milliards d\u2019ann\u00e9es, des pierres se sont form\u00e9es dans les profondeurs du noyau terrestre.<\/p>\n<p>Le plus ancien objet connu jamais d\u00e9couvert sur Terre est un petit fragment de zircon d\u00e9couvert en Australie il y a 4,4 milliards d\u2019ann\u00e9es, selon le National Geographic.<\/p>\n<p>Le mot lithoth\u00e9rapie nous vient des mots grecs \u00ab lithos \u00bb (la pierre) et \u00ab therapeia \u00bb (la gu\u00e9rison).<\/p>\n<p>&nbsp;<\/p>\n<p><span style=\"font-size: 14px;\"><\/span><\/p>\n<p>[\/et_pb_text][et_pb_text _builder_version=\u00a0\u00bb4.0.6&Prime; header_font=\u00a0\u00bb||||||||\u00a0\u00bb header_font_size=\u00a0\u00bb29px\u00a0\u00bb animation_style=\u00a0\u00bbslide\u00a0\u00bb animation_direction=\u00a0\u00bbtop\u00a0\u00bb]<\/p>\n<h1><strong>Les origines de la lithoth\u00e9rapie<\/strong><\/h1>\n<p>[\/et_pb_text][et_pb_divider color=\u00a0\u00bb#003a3d\u00a0\u00bb divider_weight=\u00a0\u00bb8px\u00a0\u00bb _builder_version=\u00a0\u00bb4.0.6&Prime; width=\u00a0\u00bb6%\u00a0\u00bb custom_margin=\u00a0\u00bb-25px||||false|false\u00a0\u00bb custom_padding=\u00a0\u00bb||||false|false\u00a0\u00bb][\/et_pb_divider][et_pb_text _builder_version=\u00a0\u00bb4.0.6&Prime; text_font=\u00a0\u00bbLato||||||||\u00a0\u00bb text_text_color=\u00a0\u00bb#000000&Prime; text_font_size=\u00a0\u00bb16px\u00a0\u00bb text_line_height=\u00a0\u00bb1.5em\u00a0\u00bb animation_style=\u00a0\u00bbslide\u00a0\u00bb animation_direction=\u00a0\u00bbbottom\u00a0\u00bb]<\/p>\n<p>On aurait retrouv\u00e9 des documents faisant \u00e9tat de la lithoth\u00e9rapie dans l\u2019\u00c9gypte ancienne, dans les documents ayurv\u00e9diques indiens et dans la m\u00e9decine traditionnelle chinoise d\u2019il y a environ cinq mille ans, tous d\u00e9crivant les propri\u00e9t\u00e9s th\u00e9rapeutiques des cristaux et des min\u00e9raux.<\/p>\n<p>Les Atlantes, les \u00c9gyptiens, les Mayas, les Am\u00e9rindiens, les peuples du Tibet et de la Chine antique ont utilis\u00e9, et utilisent toujours, les sciences du domaine min\u00e9ral.<\/p>\n<p>Les pierres ont \u00e9t\u00e9 utilis\u00e9es pour la gu\u00e9rison depuis la pr\u00e9histoire. Les premi\u00e8res civilisations s\u2019en servaient lors de rituels et de c\u00e9r\u00e9monies.<\/p>\n<p>Ils les prenaient en \u00e9lixirs, en poudres, ou les portaient . Les peuples pr\u00e9historiques pensaient que les min\u00e9raux pouvaient augmenter leur force et leur fertilit\u00e9.<\/p>\n<p>De plus, ils croyaient que les pierres offraient une protection contre les mauvais esprits.<\/p>\n<p>Le lapiz lazuli \u00e9tait par exemple pris\u00e9 par les \u00c9gyptiens qui aimaient l\u2019ing\u00e9rer comme traitement m\u00e9dicinal. Ils ont \u00e9t\u00e9 les premiers \u00e0 \u00e9tudier le placement des cristaux sur le corps et le symbolisme des couleurs des pierres.<\/p>\n<p>Les Grecs de l\u2019Antiquit\u00e9 broyaient \u00e9galement des pierres pour les traitements de sant\u00e9, notamment la poudre de marbre. Ils utilisaient celle-ci pour soigner les probl\u00e8mes d\u2019estomac.<\/p>\n<p>Les Azt\u00e8ques quant \u00e0 eux fa\u00e7onnaient les pierres en bijoux, qu\u2019ils pla\u00e7aient sur diff\u00e9rentes parties du corps en fonction du probl\u00e8me.<\/p>\n<p>Au Moyen \u00c2ge, les alchimistes pr\u00e9conisaient souvent l\u2019utilisation de pierres pr\u00e9cieuses ou semi-pr\u00e9cieuses pour gu\u00e9rir les maladies en suivant la loi de la similitude. Ainsi, par exemple, l\u2019\u00e9meraude pouvait traiter le foie parce qu\u2019il \u00e9tait vert\u2026 comme la bile.<\/p>\n<p>Toutes ces personnes \u00e9taient (et certaines le sont encore) les gardiennes des connaissances relatives aux propri\u00e9t\u00e9s curatives des pierres et de leurs effets positifs sur les humains et l\u2019environnement.<\/p>\n<p>La lithoth\u00e9rapie est devenue une branche officielle de l\u2019hom\u00e9opathie en France en 1965.<\/p>\n<p>La lithoth\u00e9rapie fait partie de la m\u00e9decine dite \u00ab alternative \u00bb (entendez par l\u00e0 non invasive mais pas forc\u00e9ment moins efficace) et elle est utilis\u00e9e depuis des temps imm\u00e9moriaux pour soulager, r\u00e9tablir l\u2019\u00e9quilibre, et m\u00eame favoriser la m\u00e9ditation\u2026<\/p>\n<p>La lithoth\u00e9rapie est une approche holistique de la sant\u00e9, c\u2019est \u00e0 dire qu\u2019elle consid\u00e8re la personne dans son ensemble, on est face \u00e0 une approche corps-\u00e2me-esprit. Cela peut \u00eatre une voie vers le d\u00e9veloppement personnel.<\/p>\n<p>La lithoth\u00e9rapie pr\u00f4ne l\u2019\u00e9nergie des pierres et le pouvoir d\u2019apporter \u00e9quilibre et harmonie \u00e0 un organisme. Les pierres et les min\u00e9raux ont des vibrations et des qualit\u00e9s qui pr\u00e9tendent aider \u00e0 \u00e9liminer le stress physique et psychologique. Lorsqu\u2019elles sont plac\u00e9es sur des chakras ou port\u00e9es comme pendentifs, certains pensent qu\u2019elles traitent les organes auxquels elles sont naturellement reli\u00e9s.<\/p>\n<p>La lithoth\u00e9rapie utilise l\u2019\u00e9nergie des pierres pour maintenir l\u2019\u00e9quilibre entre le mental, le corps et l\u2019esprit. Certains y trouvent la suppression des blocages \u00e9motionnels et jouissent d\u2019une prise de conscience. L\u2019\u00e9nergie des pierres serait li\u00e9e \u00e0 leur composition chimique, leur couleur et leur forme.<\/p>\n<p>Selon cette science (ou pseudo science selon ses d\u00e9tracteurs), les pierres sont des repr\u00e9sentants terrestres des \u00e9nergies cosmiques et telluriques.<\/p>\n<p>En d\u2019autres termes, elles ont un lien r\u00e9el avec les diff\u00e9rentes forces de l\u2019univers (\u00e9l\u00e9ments, \u00e9toiles, g\u00e9om\u00e9tries sacr\u00e9es de la cr\u00e9ation\u2026).<\/p>\n<p>Elles contiendraient des \u00e9nergies puissantes qu\u2019elles transmettraient \u00e0 tous ceux qui savent les utiliser avec sagesse et respect.<\/p>\n<h4><span style=\"font-size: medium;\"><strong>La lithoth\u00e9rapie est, en sommes, un art ancestral qui permet aux pouvoirs des pierres d\u2019\u00e9tablir un \u00e9quilibre entre le corps, l\u2019\u00e2me et l\u2019esprit.<\/strong><\/span><\/h4>\n<p>Cette science ancienne aurait pour but de nous aider physiquement, mais aussi psychologiquement et spirituellement en lib\u00e9rant les blocages \u00e9motionnels et en augmentant la conscience.<\/p>\n<p>Elle fonctionnerait pour tout le monde, enfants, adultes, animaux, v\u00e9g\u00e9taux et m\u00eame sur l\u2019habitat, les pierres sont d\u2019ailleurs un \u00e9l\u00e9ment essentiel du Feng shui.<\/p>\n<p>L\u2019\u00e9nergie sp\u00e9cifique d\u2019une pierre particuli\u00e8re proviendrait de sa composition chimique, de sa couleur, de sa forme g\u00e9om\u00e9trique et de son origine.<\/p>\n<p>Les pierres agiraient \u00e0 la fois sur notre corps physique et subtil, et seraient des moyens efficaces d\u2019harmoniser, entre autres choses, nos chakras (nos centres \u00e9nerg\u00e9tiques), et les cristaux seraient directement li\u00e9s \u00e0 l\u2019\u00e9nergie incarn\u00e9e dans le Tout Universel.<\/p>\n<p>La lithoth\u00e9rapie pr\u00f4ne que du macrocosme au microcosme, tout ce qui nous entoure n\u2019est que vibration.<\/p>\n<p>Les min\u00e9raux seraient alors form\u00e9s profond\u00e9ment dans la terre par une puissante alchimie des forces de la nature et donc, de par leur essence m\u00eame, hautement vibratoires. Leurs pouvoirs curatifs agiraient sur toutes les cellules de notre corps jusqu\u2019aux plus petites.<\/p>\n<h4><strong>\u0152uvre et auteur de r\u00e9f\u00e9rence<br \/> <\/strong><br \/> Renald Boschiero<\/h4>\n<p>Dictionnaire de la lithoth\u00e9rapie &#8211; Propri\u00e9t\u00e9s \u00e9nerg\u00e9tiques des pierres et cristaux naturels<br \/> Dictionnaire de lithoth\u00e9rapie du voyageur<br \/> Les pierres de couleurs en Lithotherapie<\/p>\n<p>[\/et_pb_text][\/et_pb_column][\/et_pb_row][\/et_pb_section]<\/p>\n","protected":false},"excerpt":{"rendered":"<p>La lithoth\u00e9rapie, c\u2019est quoi?Il y a plusieurs milliards d\u2019ann\u00e9es, des pierres se sont form\u00e9es dans les profondeurs du noyau terrestre. Le plus ancien objet connu jamais d\u00e9couvert sur Terre est un petit fragment de zircon d\u00e9couvert en Australie il y a 4,4 milliards d\u2019ann\u00e9es, selon le National Geographic. Le mot lithoth\u00e9rapie nous vient des mots [&hellip;]<\/p>\n","protected":false},"author":1,"featured_media":0,"parent":0,"menu_order":0,"comment_status":"closed","ping_status":"closed","template":"","meta":{"_et_pb_use_builder":"on","_et_pb_old_content":"","_et_gb_content_width":""},"_links":{"self":[{"href":"https:\/\/xn--gsh-snac.be\/index.php\/wp-json\/wp\/v2\/pages\/49"}],"collection":[{"href":"https:\/\/xn--gsh-snac.be\/index.php\/wp-json\/wp\/v2\/pages"}],"about":[{"href":"https:\/\/xn--gsh-snac.be\/index.php\/wp-json\/wp\/v2\/types\/page"}],"author":[{"embeddable":true,"href":"https:\/\/xn--gsh-snac.be\/index.php\/wp-json\/wp\/v2\/users\/1"}],"replies":[{"embeddable":true,"href":"https:\/\/xn--gsh-snac.be\/index.php\/wp-json\/wp\/v2\/comments?post=49"}],"version-history":[{"count":31,"href":"https:\/\/xn--gsh-snac.be\/index.php\/wp-json\/wp\/v2\/pages\/49\/revisions"}],"predecessor-version":[{"id":1068,"href":"https:\/\/xn--gsh-snac.be\/index.php\/wp-json\/wp\/v2\/pages\/49\/revisions\/1068"}],"wp:attachment":[{"href":"https:\/\/xn--gsh-snac.be\/index.php\/wp-json\/wp\/v2\/media?parent=49"}],"curies":[{"name":"wp","href":"https:\/\/api.w.org\/{rel}","templated":true}]}}