{"id":313,"date":"2019-12-10T08:18:39","date_gmt":"2019-12-10T07:18:39","guid":{"rendered":"https:\/\/xn--gsh-snac.be\/?page_id=313"},"modified":"2022-06-27T11:01:15","modified_gmt":"2022-06-27T09:01:15","slug":"purification-et-recharge","status":"publish","type":"page","link":"https:\/\/xn--gsh-snac.be\/index.php\/purification-et-recharge\/","title":{"rendered":"Purification et recharge"},"content":{"rendered":"<p>[et_pb_section fb_built=\u00a0\u00bb1&Prime; fullwidth=\u00a0\u00bbon\u00a0\u00bb _builder_version=\u00a0\u00bb4.16&Prime; global_colors_info=\u00a0\u00bb{}\u00a0\u00bb][et_pb_fullwidth_header text_orientation=\u00a0\u00bbcenter\u00a0\u00bb _builder_version=\u00a0\u00bb4.17.3&Prime; title_font=\u00a0\u00bbMontserrat|700|||||||\u00a0\u00bb title_font_size=\u00a0\u00bb27px\u00a0\u00bb content_font=\u00a0\u00bbVerdana||||||||\u00a0\u00bb content_text_color=\u00a0\u00bb#000000&Prime; background_enable_color=\u00a0\u00bboff\u00a0\u00bb background_color_gradient_direction=\u00a0\u00bb249deg\u00a0\u00bb background_image=\u00a0\u00bbhttps:\/\/xn--gsh-snac.be\/wp-content\/uploads\/2020\/03\/vintage-concrete.png\u00a0\u00bb background_size=\u00a0\u00bbinitial\u00a0\u00bb background_repeat=\u00a0\u00bbrepeat\u00a0\u00bb min_height=\u00a0\u00bb326px\u00a0\u00bb custom_margin=\u00a0\u00bb-50px||||false|false\u00a0\u00bb custom_padding=\u00a0\u00bb||0px||false|false\u00a0\u00bb hover_enabled=\u00a0\u00bb0&Prime; title_font_tablet=\u00a0\u00bb\u00a0\u00bb title_font_phone=\u00a0\u00bb\u00a0\u00bb title_font_last_edited=\u00a0\u00bbon|phone\u00a0\u00bb global_colors_info=\u00a0\u00bb{}\u00a0\u00bb title_text=\u00a0\u00bbvintage-concrete\u00a0\u00bb sticky_enabled=\u00a0\u00bb0&Prime;]<\/p>\n<h1><span style=\"color: #000000;\">PURIFICATION ET RECHARGE<\/span><\/h1>\n<p>&nbsp;<\/p>\n<p>[\/et_pb_fullwidth_header][\/et_pb_section][et_pb_section fb_built=\u00a0\u00bb1&Prime; _builder_version=\u00a0\u00bb4.16&Prime; custom_margin=\u00a0\u00bb||-7px|||\u00a0\u00bb custom_padding=\u00a0\u00bb5px||59px|||\u00a0\u00bb global_colors_info=\u00a0\u00bb{}\u00a0\u00bb][et_pb_row _builder_version=\u00a0\u00bb4.16&Prime; background_enable_color=\u00a0\u00bboff\u00a0\u00bb width=\u00a0\u00bb100%\u00a0\u00bb max_width=\u00a0\u00bb1250px\u00a0\u00bb custom_margin=\u00a0\u00bb-140px||||false|false\u00a0\u00bb custom_padding=\u00a0\u00bb20px|30px|66px|30px|false|false\u00a0\u00bb global_colors_info=\u00a0\u00bb{}\u00a0\u00bb][et_pb_column type=\u00a0\u00bb4_4&Prime; _builder_version=\u00a0\u00bb4.16&Prime; global_colors_info=\u00a0\u00bb{}\u00a0\u00bb][et_pb_divider color=\u00a0\u00bb#000000&Prime; divider_weight=\u00a0\u00bb6px\u00a0\u00bb _builder_version=\u00a0\u00bb4.16&Prime; width=\u00a0\u00bb5%\u00a0\u00bb module_alignment=\u00a0\u00bbcenter\u00a0\u00bb custom_margin=\u00a0\u00bb-74px||||false|false\u00a0\u00bb global_colors_info=\u00a0\u00bb{}\u00a0\u00bb][\/et_pb_divider][et_pb_text _builder_version=\u00a0\u00bb4.16&Prime; text_text_color=\u00a0\u00bb#000000&Prime; global_colors_info=\u00a0\u00bb{}\u00a0\u00bb]<\/p>\n<h1 style=\"text-align: center;\"><strong>Quand nettoyer une pierre ou un cristal ?<\/strong><\/h1>\n<p style=\"text-align: center;\">Lorsque vous achetez une pierre ou qu\u2019on vous en offre une, cette derni\u00e8re est d\u00e9j\u00e0 charg\u00e9e par l\u2019\u00e9nergie des personnes qui les ont manipul\u00e9es. La premi\u00e8re chose \u00e0 faire, c\u2019est de la d\u00e9charger et de la purifier des \u00e9nergies (potentiellement n\u00e9gatives) qu\u2019elle a accumul\u00e9es. Cette \u00e9tape devrait \u00eatre syst\u00e9matique lorsque vous acqu\u00e9rez une nouvelle pierre ou un nouveau cristal.<\/p>\n<p style=\"text-align: center;\">Il faut \u00e9galement nettoyer r\u00e9guli\u00e8rement vos pierres lorsque vous les utilisez pour des s\u00e9ances de lithoth\u00e9rapie. Durant ces derni\u00e8res, elles se chargent et se d\u00e9chargent et il est n\u00e9cessaire de neutraliser ces apports et d\u00e9penses \u00e9nerg\u00e9tiques pour pr\u00e9server les propri\u00e9t\u00e9s et l\u2019\u00e9quilibre de vos pierres.<\/p>\n<p style=\"text-align: center;\">Enfin, si vous portez vos pierres de mani\u00e8re quotidienne, vous devrez \u00e9galement les d\u00e9charger et les purifier. Vous sentirez naturellement le moment o\u00f9 elles en ont besoin.<\/p>\n<p>[\/et_pb_text][\/et_pb_column][\/et_pb_row][et_pb_row _builder_version=\u00a0\u00bb4.16&Prime; background_image=\u00a0\u00bbhttps:\/\/xn--gsh-snac.be\/wp-content\/uploads\/2020\/03\/eau.jpg\u00a0\u00bb width=\u00a0\u00bb100%\u00a0\u00bb max_width=\u00a0\u00bb100%\u00a0\u00bb custom_margin=\u00a0\u00bb27px|auto||auto||\u00a0\u00bb custom_padding=\u00a0\u00bb77px||81px|||\u00a0\u00bb animation_style=\u00a0\u00bbfade\u00a0\u00bb global_colors_info=\u00a0\u00bb{}\u00a0\u00bb][et_pb_column type=\u00a0\u00bb4_4&Prime; _builder_version=\u00a0\u00bb4.16&Prime; global_colors_info=\u00a0\u00bb{}\u00a0\u00bb][et_pb_text _builder_version=\u00a0\u00bb4.16&Prime; text_text_color=\u00a0\u00bb#000000&Prime; background_color=\u00a0\u00bbrgba(255,255,255,0.38)\u00a0\u00bb width=\u00a0\u00bb30%\u00a0\u00bb width_tablet=\u00a0\u00bb\u00a0\u00bb width_phone=\u00a0\u00bb80%\u00a0\u00bb width_last_edited=\u00a0\u00bbon|phone\u00a0\u00bb module_alignment=\u00a0\u00bbcenter\u00a0\u00bb custom_padding=\u00a0\u00bb45px|14px||9px||\u00a0\u00bb global_colors_info=\u00a0\u00bb{}\u00a0\u00bb]<\/p>\n<h2 style=\"text-align: center;\"><strong>La purification par l\u2019eau<\/strong><\/h2>\n<p style=\"text-align: center;\">Si tous les litho-th\u00e9rapeutes ne pr\u00e9conisent pas les m\u00eames techniques d\u2019entretien des pierres et cristaux, il en est une sur laquelle ils tombent tous d\u2019accord : la purification par l\u2019eau.<\/p>\n<p style=\"text-align: center;\">Cette technique est \u00e0 la fois simple et efficace. Apr\u00e8s usage de vos pierres, laissez-les tremper dans un bol d\u2019eau du robinet pendant plusieurs heures. Elles se d\u00e9chargeront ainsi des \u00e9nergies accumul\u00e9es au contact du corps. Pour \u00e9viter la pollution chimique de l\u2019eau courante, vous pouvez \u00e9galement utiliser de l\u2019eau d\u00e9min\u00e9ralis\u00e9e.<\/p>\n<p>&nbsp;<\/p>\n<p>[\/et_pb_text][\/et_pb_column][\/et_pb_row][et_pb_row _builder_version=\u00a0\u00bb4.16&Prime; background_image=\u00a0\u00bbhttps:\/\/xn--gsh-snac.be\/wp-content\/uploads\/2020\/03\/terre.jpg\u00a0\u00bb background_position=\u00a0\u00bbbottom_left\u00a0\u00bb width=\u00a0\u00bb100%\u00a0\u00bb max_width=\u00a0\u00bb100%\u00a0\u00bb custom_padding=\u00a0\u00bb65px||65px|||\u00a0\u00bb animation_style=\u00a0\u00bbfade\u00a0\u00bb global_colors_info=\u00a0\u00bb{}\u00a0\u00bb][et_pb_column type=\u00a0\u00bb4_4&Prime; _builder_version=\u00a0\u00bb4.16&Prime; global_colors_info=\u00a0\u00bb{}\u00a0\u00bb][et_pb_text _builder_version=\u00a0\u00bb4.16&Prime; text_text_color=\u00a0\u00bb#000000&Prime; text_line_height=\u00a0\u00bb1.6em\u00a0\u00bb background_color=\u00a0\u00bbrgba(255,255,255,0.41)\u00a0\u00bb width=\u00a0\u00bb30%\u00a0\u00bb width_tablet=\u00a0\u00bb\u00a0\u00bb width_phone=\u00a0\u00bb80%\u00a0\u00bb width_last_edited=\u00a0\u00bbon|phone\u00a0\u00bb module_alignment=\u00a0\u00bbcenter\u00a0\u00bb custom_padding=\u00a0\u00bb47px|16px|35px|17px|false|false\u00a0\u00bb global_colors_info=\u00a0\u00bb{}\u00a0\u00bb]<\/p>\n<h2 style=\"text-align: center;\"><strong>L\u2019enfouissement des pierres<\/strong><\/h2>\n<p style=\"text-align: center;\">Cette technique est pr\u00e9conis\u00e9e pour les pierres et cristaux qui ont besoin d\u2019une purification en profondeur. Trouvez un endroit de terre favorablement charg\u00e9 en \u00e9nergie, et enfouissez-y votre pierre. Prenez soin de bien rep\u00e9rer l\u2019endroit o\u00f9 vous l\u2019avez mise, pour la retrouver facilement par la suite.<\/p>\n<p style=\"text-align: center;\">Pour une purification et un d\u00e9chargement efficace, laissez votre pierre en terre pendant une dur\u00e9e de plusieurs semaines \u00e0 plusieurs mois. De cette mani\u00e8re, votre pierre se d\u00e9chargera de toutes les \u00e9nergies qu\u2019elle a accumul\u00e9es et retrouvera une seconde vie.<\/p>\n<p style=\"text-align: center;\">Lorsque vous la d\u00e9terrerez, nettoyez votre pierre \u00e0 l\u2019eau, puis polissez-la avec un chiffon avant de la recharger.<\/p>\n<h2 style=\"text-align: center;\"><\/h2>\n<p>[\/et_pb_text][\/et_pb_column][\/et_pb_row][et_pb_row _builder_version=\u00a0\u00bb4.16&Prime; background_image=\u00a0\u00bbhttps:\/\/xn--gsh-snac.be\/wp-content\/uploads\/2020\/03\/sel.jpg\u00a0\u00bb background_position=\u00a0\u00bbbottom_center\u00a0\u00bb width=\u00a0\u00bb100%\u00a0\u00bb max_width=\u00a0\u00bb100%\u00a0\u00bb custom_padding=\u00a0\u00bb60px||63px|||\u00a0\u00bb animation_style=\u00a0\u00bbfade\u00a0\u00bb global_colors_info=\u00a0\u00bb{}\u00a0\u00bb][et_pb_column type=\u00a0\u00bb4_4&Prime; _builder_version=\u00a0\u00bb4.16&Prime; global_colors_info=\u00a0\u00bb{}\u00a0\u00bb][et_pb_text _builder_version=\u00a0\u00bb4.16&Prime; text_text_color=\u00a0\u00bb#000000&Prime; background_color=\u00a0\u00bbrgba(255,255,255,0.4)\u00a0\u00bb width=\u00a0\u00bb30%\u00a0\u00bb width_tablet=\u00a0\u00bb\u00a0\u00bb width_phone=\u00a0\u00bb80%\u00a0\u00bb width_last_edited=\u00a0\u00bbon|phone\u00a0\u00bb module_alignment=\u00a0\u00bbcenter\u00a0\u00bb custom_padding=\u00a0\u00bb44px|9px|3px|6px||\u00a0\u00bb global_colors_info=\u00a0\u00bb{}\u00a0\u00bb]<\/p>\n<h2 style=\"text-align: center;\"><strong>La purification par le sel<\/strong><\/h2>\n<p style=\"text-align: center;\">Il existe plusieurs approches concernant la purification par le sel. La premi\u00e8re recommande de placer votre pierre de lithoth\u00e9rapie sur un amas de sel marin et de la laisser se d\u00e9charger gr\u00e2ce \u00e0 l\u2019absorption des \u00e9nergies par le sel.<\/p>\n<p style=\"text-align: center;\">La deuxi\u00e8me \u00e9cole pr\u00e9conise d\u2019utiliser une solution de sel cristallis\u00e9 dissoute dans de l\u2019eau. Reynald Boschiero recommande par exemple d\u2019utiliser du sel de Gu\u00e9rande ou de Noirmoutier, en combinaison avec de l\u2019eau d\u00e9min\u00e9ralis\u00e9e. Dans ce cas, on couvre le r\u00e9cipient d\u2019un voile opaque et on le laisse reposer au calme pendant au moins trois heures. Apr\u00e8s cette purification, rincez votre pierre \u00e0 l\u2019eau claire et laissez-la s\u00e9cher au soleil.<\/p>\n<p>&nbsp;<\/p>\n<p>[\/et_pb_text][\/et_pb_column][\/et_pb_row][et_pb_row _builder_version=\u00a0\u00bb4.16&Prime; background_image=\u00a0\u00bbhttps:\/\/xn--gsh-snac.be\/wp-content\/uploads\/2020\/03\/encens.jpg\u00a0\u00bb width=\u00a0\u00bb100%\u00a0\u00bb max_width=\u00a0\u00bb100%\u00a0\u00bb custom_margin=\u00a0\u00bb|auto|47px|auto||\u00a0\u00bb custom_padding=\u00a0\u00bb80px||90px|||\u00a0\u00bb animation_style=\u00a0\u00bbfade\u00a0\u00bb global_colors_info=\u00a0\u00bb{}\u00a0\u00bb][et_pb_column type=\u00a0\u00bb4_4&Prime; _builder_version=\u00a0\u00bb4.16&Prime; global_colors_info=\u00a0\u00bb{}\u00a0\u00bb][et_pb_text _builder_version=\u00a0\u00bb4.16&Prime; text_text_color=\u00a0\u00bb#000000&Prime; background_color=\u00a0\u00bbrgba(255,255,255,0.34)\u00a0\u00bb width=\u00a0\u00bb30%\u00a0\u00bb width_tablet=\u00a0\u00bb\u00a0\u00bb width_phone=\u00a0\u00bb80%\u00a0\u00bb width_last_edited=\u00a0\u00bbon|phone\u00a0\u00bb module_alignment=\u00a0\u00bbcenter\u00a0\u00bb custom_padding=\u00a0\u00bb50px|32px|13px|30px||\u00a0\u00bb global_colors_info=\u00a0\u00bb{}\u00a0\u00bb]<\/p>\n<h2 style=\"text-align: center;\"><strong>La fumigation<\/strong><\/h2>\n<p><strong><\/strong><\/p>\n<p style=\"text-align: center;\">Il s\u2019agit l\u00e0 d\u2019une technique douce pour purifier et d\u00e9charger vos pierres. Elle consiste \u00e0 passer les cristaux dans la fum\u00e9e d\u00e9gag\u00e9e par l\u2019encens, le bois de santal ou le papier d\u2019Arm\u00e9nie. Utilisez cette technique lorsque vous voulez nettoyer des pierres et cristaux peu sollicit\u00e9s ou fr\u00e9quemment purifi\u00e9s.<\/p>\n<p>&nbsp;<\/p>\n<p>[\/et_pb_text][\/et_pb_column][\/et_pb_row][et_pb_row _builder_version=\u00a0\u00bb4.16&Prime; background_enable_color=\u00a0\u00bboff\u00a0\u00bb width=\u00a0\u00bb100%\u00a0\u00bb max_width=\u00a0\u00bb1250px\u00a0\u00bb custom_padding=\u00a0\u00bb20px|30px|32px|30px|false|false\u00a0\u00bb animation_style=\u00a0\u00bbfade\u00a0\u00bb global_colors_info=\u00a0\u00bb{}\u00a0\u00bb][et_pb_column type=\u00a0\u00bb4_4&Prime; _builder_version=\u00a0\u00bb4.16&Prime; global_colors_info=\u00a0\u00bb{}\u00a0\u00bb][et_pb_text _builder_version=\u00a0\u00bb4.16&Prime; custom_margin=\u00a0\u00bb4px|||||\u00a0\u00bb global_colors_info=\u00a0\u00bb{}\u00a0\u00bb]<\/p>\n<h1 style=\"text-align: center;\"><strong>Comment Recharger les Pierres et Cristaux de Lithoth\u00e9rapie<\/strong><\/h1>\n<p style=\"text-align: center;\">Apr\u00e8s avoir purifi\u00e9 et nettoy\u00e9 vos pierres, il est important de les recharger. Cette \u00e9tape permet \u00e0 vos min\u00e9raux de retrouver un \u00e9quilibre \u00e9nerg\u00e9tique optimal, pour que vous puissiez continuer \u00e0 les utiliser et \u00e0 en retirer tous les bienfaits.<\/p>\n<p>[\/et_pb_text][\/et_pb_column][\/et_pb_row][et_pb_row _builder_version=\u00a0\u00bb4.16&Prime; background_image=\u00a0\u00bbhttps:\/\/xn--gsh-snac.be\/wp-content\/uploads\/2020\/03\/soleil.jpg\u00a0\u00bb width=\u00a0\u00bb100%\u00a0\u00bb max_width=\u00a0\u00bb100%\u00a0\u00bb custom_margin=\u00a0\u00bb47px|auto|-3px|auto||\u00a0\u00bb custom_padding=\u00a0\u00bb75px||77px|||\u00a0\u00bb animation_style=\u00a0\u00bbfade\u00a0\u00bb global_colors_info=\u00a0\u00bb{}\u00a0\u00bb][et_pb_column type=\u00a0\u00bb4_4&Prime; _builder_version=\u00a0\u00bb4.16&Prime; global_colors_info=\u00a0\u00bb{}\u00a0\u00bb][et_pb_text _builder_version=\u00a0\u00bb4.16&Prime; text_text_color=\u00a0\u00bb#000000&Prime; background_color=\u00a0\u00bbrgba(255,255,255,0.32)\u00a0\u00bb width=\u00a0\u00bb30%\u00a0\u00bb width_tablet=\u00a0\u00bb\u00a0\u00bb width_phone=\u00a0\u00bb80%\u00a0\u00bb width_last_edited=\u00a0\u00bbon|phone\u00a0\u00bb module_alignment=\u00a0\u00bbcenter\u00a0\u00bb custom_margin=\u00a0\u00bb|||917px||\u00a0\u00bb custom_padding=\u00a0\u00bb23px|19px|18px|18px||\u00a0\u00bb global_colors_info=\u00a0\u00bb{}\u00a0\u00bb]<\/p>\n<h2 style=\"text-align: center;\"><strong>Recharger les Pierres \u00e0 la Lumi\u00e8re du Soleil<\/strong><\/h2>\n<p style=\"text-align: left;\">Il s\u2019agit, et de loin, de la technique la plus r\u00e9pandue pour recharger \u00e9nerg\u00e9tiquement un min\u00e9ral. Cette popularit\u00e9 est li\u00e9e \u00e0 trois choses :<\/p>\n<p>\u25a0 Le rechargement \u00e0 la lumi\u00e8re du soleil est efficace et rapide<br \/> \u25a0 Cette technique de charge est simple \u00e0 mettre en \u0153uvre<br \/> \u25a0 L\u2019\u00e9nergie que nous prodigue le soleil est gratuite et ne demande aucun investissement (\u00e0 la diff\u00e9rence du rechargement dans une g\u00e9ode par exemple)<\/p>\n<p>Comment recharger vos pierres \u00e0 la lumi\u00e8re du soleil ? Tr\u00e8s simplement, il vous suffit de d\u00e9poser vos min\u00e9raux sur un appui de fen\u00eatre directement expos\u00e9 au soleil (et non \u00e0 travers la vitre) et de les y laisser pendant quelques heures. Votre pierre va se gorger de la lumi\u00e8re solaire, transformer et emmagasiner son \u00e9nergie, qu\u2019elle vous restituera ensuite lorsque vous la porterez ou travaillerez avec elle.<\/p>\n<p>[\/et_pb_text][\/et_pb_column][\/et_pb_row][et_pb_row _builder_version=\u00a0\u00bb4.16&Prime; background_image=\u00a0\u00bbhttps:\/\/xn--gsh-snac.be\/wp-content\/uploads\/2020\/03\/lune.jpg\u00a0\u00bb width=\u00a0\u00bb100%\u00a0\u00bb max_width=\u00a0\u00bb100%\u00a0\u00bb custom_margin=\u00a0\u00bb1px|auto|-61px|auto||\u00a0\u00bb custom_padding=\u00a0\u00bb75px||60px|||\u00a0\u00bb animation_style=\u00a0\u00bbfade\u00a0\u00bb global_colors_info=\u00a0\u00bb{}\u00a0\u00bb][et_pb_column type=\u00a0\u00bb4_4&Prime; _builder_version=\u00a0\u00bb4.16&Prime; global_colors_info=\u00a0\u00bb{}\u00a0\u00bb][et_pb_text _builder_version=\u00a0\u00bb4.16&Prime; text_text_color=\u00a0\u00bb#000000&Prime; background_color=\u00a0\u00bbrgba(255,255,255,0.54)\u00a0\u00bb width=\u00a0\u00bb30%\u00a0\u00bb width_tablet=\u00a0\u00bb\u00a0\u00bb width_phone=\u00a0\u00bb80%\u00a0\u00bb width_last_edited=\u00a0\u00bbon|phone\u00a0\u00bb module_alignment=\u00a0\u00bbcenter\u00a0\u00bb custom_padding=\u00a0\u00bb26px|27px|14px|17px||\u00a0\u00bb global_colors_info=\u00a0\u00bb{}\u00a0\u00bb]<\/p>\n<h2 style=\"text-align: center;\"><strong>Recharger les Pierres \u00e0 la Lumi\u00e8re de la Lune<\/strong><\/h2>\n<p>L\u2019astre lunaire ne projette bien s\u00fbr pas sa propre lumi\u00e8re puisqu\u2019il ne fait que refl\u00e9ter celle du soleil. Cette r\u00e9flexion a pour caract\u00e9ristique de procurer une lumi\u00e8re beaucoup plus douce et subtile, tout en conservant son \u00e9nergie originale. Pour cette raison, on la conseille comme m\u00e9thode rechargement privil\u00e9gi\u00e9e pour les pierres plus d\u00e9licates qui ne supportent pas bien l\u2019exposition directe au soleil.<\/p>\n<p>Comment recharger vos pierres \u00e0 la lumi\u00e8re lunaire ? L\u00e0 aussi, c\u2019est tr\u00e8s simple : il vous suffit de poser vos min\u00e9raux sur un appui de fen\u00eatre directement expos\u00e9 \u00e0 la lumi\u00e8re de la lune. L\u00e0 encore, il est important que cette exposition soit directe : si vous laissez votre pierre derri\u00e8re une vitre ferm\u00e9e, le rechargement ne s\u2019effectuera pas aussi bien ni aussi rapidement.<\/p>\n<p>La phase lunaire id\u00e9ale pour recharger vos pierres et cristaux est donc celle de la pleine lune. C\u2019est \u00e0 ce moment que la lune refl\u00e8te, de toute sa face \u00e9clair\u00e9e, la lumi\u00e8re de l\u2019astre solaire.<\/p>\n<p>Combien de temps recharger vos pierres \u00e0 la lumi\u00e8re de la lune ? Dans tous les cas, vous pouvez les y laisser pour toute la nuit. Si le ciel est particuli\u00e8rement couvert ou que vous vous trouvez dans une phase lunaire moins \u00e9clair\u00e9e et que vous sentez que votre pierre a encore besoin de se recharger, vous pouvez bien entendu r\u00e9p\u00e9ter l\u2019exposition.<\/p>\n<p>[\/et_pb_text][\/et_pb_column][\/et_pb_row][\/et_pb_section]<\/p>\n","protected":false},"excerpt":{"rendered":"<p>PURIFICATION ET RECHARGE &nbsp;Quand nettoyer une pierre ou un cristal ? Lorsque vous achetez une pierre ou qu\u2019on vous en offre une, cette derni\u00e8re est d\u00e9j\u00e0 charg\u00e9e par l\u2019\u00e9nergie des personnes qui les ont manipul\u00e9es. La premi\u00e8re chose \u00e0 faire, c\u2019est de la d\u00e9charger et de la purifier des \u00e9nergies (potentiellement n\u00e9gatives) qu\u2019elle a accumul\u00e9es. [&hellip;]<\/p>\n","protected":false},"author":1,"featured_media":0,"parent":0,"menu_order":0,"comment_status":"closed","ping_status":"closed","template":"","meta":{"_et_pb_use_builder":"on","_et_pb_old_content":"","_et_gb_content_width":""},"_links":{"self":[{"href":"https:\/\/xn--gsh-snac.be\/index.php\/wp-json\/wp\/v2\/pages\/313"}],"collection":[{"href":"https:\/\/xn--gsh-snac.be\/index.php\/wp-json\/wp\/v2\/pages"}],"about":[{"href":"https:\/\/xn--gsh-snac.be\/index.php\/wp-json\/wp\/v2\/types\/page"}],"author":[{"embeddable":true,"href":"https:\/\/xn--gsh-snac.be\/index.php\/wp-json\/wp\/v2\/users\/1"}],"replies":[{"embeddable":true,"href":"https:\/\/xn--gsh-snac.be\/index.php\/wp-json\/wp\/v2\/comments?post=313"}],"version-history":[{"count":49,"href":"https:\/\/xn--gsh-snac.be\/index.php\/wp-json\/wp\/v2\/pages\/313\/revisions"}],"predecessor-version":[{"id":1165,"href":"https:\/\/xn--gsh-snac.be\/index.php\/wp-json\/wp\/v2\/pages\/313\/revisions\/1165"}],"wp:attachment":[{"href":"https:\/\/xn--gsh-snac.be\/index.php\/wp-json\/wp\/v2\/media?parent=313"}],"curies":[{"name":"wp","href":"https:\/\/api.w.org\/{rel}","templated":true}]}}